prime factors of 18347.
7, 2621
What are the prime factors of 30?
2, 3, 5
List the prime factors of 9869.
71, 139
List the prime factors of 76909.
7, 10987
What are the prime factors of 188?
2, 47
List the prime factors of 431.
431
What are the prime factors of 47689?
103, 463
What are the prime factors of 2390?
2, 5, 239
List the prime factors of 130444.
2, 32611
List the prime factors of 6865.
5, 1373
What are the prime factors of 8189?
19, 431
List the prime factors of 7.
7
What are the prime factors of 106?
2, 53
What are the prime factors of 1106?
2, 7, 79
What are the prime factors of 3006?
2, 3, 167
List the prime factors of 29200.
2, 5, 73
List the prime factors of 4808.
2, 601
List the prime factors of 1238.
2, 619
List the prime factors of 3356.
2, 839
List the prime factors of 28992.
2, 3, 151
List the prime factors of 179360.
2, 5, 19, 59
List the prime factors of 2188.
2, 547
List the prime factors of 1522.
2, 761
List the prime factors of 3951.
3, 439
What are the prime factors of 9571?
17, 563
List the prime factors of 4221.
3, 7, 67
What are the prime factors of 65812?
2, 16453
List the prime factors of 155.
5, 31
List the prime factors of 45238.
2, 22619
List the prime factors of 1109.
1109
What are the prime factors of 21269?
21269
What are the prime factors of 1472?
2, 23
What are the prime factors of 6262?
2, 31, 101
List the prime factors of 1744.
2, 109
What are the prime factors of 15058?
2, 7529
What are the prime factors of 6234?
2, 3, 1039
What are the prime factors of 2324?
2, 7, 83
What are the prime factors of 4125?
3, 5, 11
List the prime factors of 1558.
2, 19, 41
List the prime factors of 1542.
2, 3, 257
List the prime factors of 5420.
2, 5, 271
List the prime factors of 3992.
2, 499
What are the prime factors of 3393?
3, 13, 29
List the prime factors of 498.
2, 3, 83
List the prime factors of 9292.
2, 23, 101
What are the prime factors of 11372?
2, 2843
What are the prime factors of 10007?
10007
List the prime factors of 4767.
3, 7, 227
List the prime factors of 22353.
3, 7451
What are the prime factors of 7542?
2, 3, 419
What are the prime factors of 2477?
2477
What are the prime factors of 563?
563
What are the prime factors of 2348?
2, 587
List the prime factors of 6300.
2, 3, 5, 7
List the prime factors of 4383.
3, 487
List the prime factors of 362.
2, 181
What are the prime factors of 47897?
211, 227
List the prime factors of 1287.
3, 11, 13
What are the prime factors of 43817?
43, 1019
List the prime factors of 11525.
5, 461
List the prime factors of 42937.
42937
What are the prime factors of 36949?
11, 3359
List the prime factors of 4174.
2, 2087
What are the prime factors of 6716?
2, 23, 73
What are the prime factors of 967?
967
List the prime factors of 117.
3, 13
List the prime factors of 6361.
6361
What are the prime factors of 24661?
7, 13, 271
What are the prime factors of 129580?
2, 5, 11, 19, 31
What are the prime factors of 357?
3, 7, 17
List the prime factors of 66295.
5, 13259
List the prime factors of 9793.
7, 1399
List the prime factors of 19358.
2, 9679
List the prime factors of 181.
181
List the prime factors of 4317.
3, 1439
What are the prime factors of 69271?
53, 1307
What are the prime factors of 496?
2, 31
What are the prime factors of 776?
2, 97
List the prime factors of 29984.
2, 937
List the prime factors of 1519.
7, 31
List the prime factors of 9228.
2, 3, 769
What are the prime factors of 21190?
2, 5, 13, 163
List the prime factors of 6053.
6053
What are the prime factors of 60961?
60961
What are the prime factors of 682?
2, 11, 31
What are the prime factors of 6349?
7, 907
What are the prime factors of 4472?
2, 13, 43
List the prime factors of 3398.
2, 1699
List the prime factors of 43311.
3, 14437
List the prime factors of 2630.
2, 5, 263
What are the prime factors of 37872?
2, 3, 263
List the prime factors of 106.
2, 53
What are the prime factors of 22403?
43, 521
List the prime factors of 169.
13
List the prime factors of 462.
2, 3, 7, 11
List the prime factors of 2679.
3, 19, 47
What are the prime factors of 105844?
2, 47, 563
List the prime factors of 1503.
3, 167
List the prime factors of 54277.
54277
List the prime factors of 24416.
2, 7, 109
List the prime factors of 52858.
2, 13, 19, 107
What are the prime factors of 11336?
2, 13, 109
What are the prime factors of 18058?
2, 9029
List the prime factors of 90.
2, 3, 5
What are the prime factors of 3084?
2, 3, 257
What are the prime factors of 603?
3, 67
List the prime factors of 127.
127
What are the prime factors of 247?
13, 19
List the prime factors of 5282.
2, 19, 139
What are the prime factors of 81780?
2, 3, 5, 29, 47
What are the prime factors of 4977?
3, 7, 79
What are the prime factors of 8277?
3, 31, 89
What are the prime factors of 262?
2, 131
List the prime factors of 4800.
2, 3, 5
List the prime factors of 84220.
2, 5, 4211
List the prime factors of 3377.
11, 307
What are the prime factors of 28594?
2, 17, 29
What are the prime factors of 528?
2, 3, 11
What are the prime factors of 201?
3, 67
What are the prime factors of 2577?
3, 859
What are the prime factors of 21209?
127, 167
List the prime factors of 10425.
3, 5, 139
List the prime factors of 1056.
2, 3, 11
What are the prime factors of 186?
2, 3, 31
List the prime factors of 1257.
3, 419
List the prime factors of 4853.
23, 211
List the prime factors of 55659.
3, 18553
List the prime factors of 91807.
91807
What are the prime factors of 15067?
13, 19, 61
What are the prime factors of 79270?
2, 5, 7927
List the prime factors of 6249.
3, 2083
What are the prime factors of 30008?
2, 11, 31
What are the prime factors of 44673?
3, 14891
What are the prime factors of 841?
29
What are the prime factors of 66290?
2, 5, 7, 947
What are the prime factors of 34140?
2, 3, 5, 569
List the prime factors of 2474.
2, 1237
List the prime factors of 14020.
2, 5, 701
What are the prime factors of 2683?
2683
List the prime factors of 130665.
3, 5, 31, 281
List the prime factors of 25519.
13, 151
List the prime factors of 1509.
3, 503
What are the prime factors of 30170?
2, 5, 7, 431
What are the prime factors of 93054?
2, 3, 13, 1193
List the prime factors of 170578.
2, 17, 29, 173
What are the prime factors of 2123?
11, 193
What are the prime factors of 91?
7, 13
What are the prime factors of 53227?
17, 31, 101
List the prime factors of 4684.
2, 1171
List the prime factors of 23589.
3, 2621
What are the prime factors of 10606?
2, 5303
What are the prime factors of 4346?
2, 41, 53
What are the prime factors of 55143?
3, 11, 557
List the prime factors of 12178.
2, 6089
List the prime factors of 23306.
2, 43, 271
What are the prime factors of 103715?
5, 20743
What are the prime factors of 2598?
2, 3, 433
What are the prime factors of 766?
2, 383
List the prime factors of 8337.
3, 7, 397
List the prime factors of 1521.
3, 13
List the prime factors of 55571.
61, 911
What are the prime factors of 1091?
1091
What are the prime factors of 1387?
19, 73
List the prime factors of 99742.
2, 49871
What are the prime factors of 266?
2, 7, 19
List the prime factors of 7176.
2, 3, 13, 23
What are the prime factors of 6120?
2, 3, 5, 17
What are the prime factors of 611?
13, 47
List the prime factors of 498.
2, 3, 83
List the prime factors of 12410.
2, 5, 17, 73
What are the prime factors of 39901?
39901
List the prime factors of 984.
2, 3, 41
List the prime factors of 40661.
73, 557
What are the prime factors of 141?
3, 47
What are the prime factors of 49964?
2, 12491
List the prime factors of 7570.
2, 5, 757
List the prime factors of 45045.
3, 5, 7, 11, 13
What are the prime factors of 5486?
2, 13, 211
List the prime factors of 1650.
2, 3, 5, 11
List the prime factors of 335.
5, 67
List the prime factors of 464.
2, 29
What are the prime factors of 36469?
36469
What are the prime factors of 13126?
2, 6563
What are the prime factors of 798?
2, 3, 7, 19
What are the prime factors of 51045?
3, 5, 41, 83
What are the prime factors of 7677?
3, 853
List the prime factors of 4537.
13, 349
List the prime factors of 11107.
29, 383
What are the prime factors of 28188?
2, 3, 29
What are the prime factors of 31814?
2, 15907
List the prime factors of 6796.
2, 1699
What are the prime factors of 4299